13. List the prime factors of j.
2, 3, 5
Let t = 46 - -6. Let v be 5/(2 - (1 - 0)). Suppose v*q = 13 + t. List the prime factors of q.
13
Let r be -3 - -9 - 1/1. Suppose 4*c = -16, 4*t - c + r*c = 40. What are the prime factors of t?
2, 7
Suppose -i + o - 7 = 3*i, 5*o - 19 = 4*i. Let h = i - -24. What are the prime factors of h?
23
Let y(r) = r**2 + r - 2. Let n be y(-3). What are the prime factors of (-1)/n + (-61)/(-4)?
3, 5
Let h(i) = i**2 - i - 2. Let u(l) = -l**2 + 3. Let a(r) = 5*h(r) + 4*u(r). Let g = -11 - -17. What are the prime factors of a(g)?
2
Suppose -o - 8 = -4. Let l = o - -4. List the prime factors of 2 + 1 + (l - -1).
2
Suppose 3*k = -3*o + 171, 3*o - 5*o = -2. What are the prime factors of k?
2, 7
Suppose 4*u = -4*r + 92, 0*r + 4*u - 52 = -2*r. Let i = r - 6. What are the prime factors of i?
2, 7
Let r(u) = u**2 + 4*u - 2. Let z be (-6)/(-27) + (-94)/18. Let o be r(z). Suppose -o*p = -5*q - 28, q + 18 = 2*p - 3*q. What are the prime factors of p?
11
Let f = 42 + 1. What are the prime factors of f?
43
Let f = -40 + 63. What are the prime factors of f?
23
Let f = -115 - -171. What are the prime factors of f?
2, 7
Let p = -7 + 8. Let q(u) = 15*u**2 - u + 1. What are the prime factors of q(p)?
3, 5
List the prime factors of 2/(4/86) - -1.
2, 11
Suppose 3*y + 5 = 14. Let j be -2 - y*(1 - 2). What are the prime factors of (4/(-6))/(j/(-3))?
2
Let x be 6*3*3/18. Suppose -12 = -2*p - x*q, 4 = 4*p - 3*q - 20. What are the prime factors of (4/p)/((-2)/(-33))?
11
Let q(a) = 3*a - 3. Let d = -7 - -9. What are the prime factors of q(d)?
3
Let q(i) = -4*i**3 - i**2 + 2*i + 1. List the prime factors of q(-2).
5
Suppose 170 = 4*r + 42. Let m = 45 - r. What are the prime factors of m?
13
Suppose 0 = -2*z + 4. Let h be z/3*(-6)/(-4). Suppose 0 = 5*i + 5*c - 16 + h, 3*c + 12 = 0. What are the prime factors of i?
7
Let h = -4 - -5. Suppose z - h = 2*z - 5*j, j = -4*z - 4. Let v(o) = -15*o. What are the prime factors of v(z)?
3, 5
Suppose -3*t + 2*p = -320, 2*t + p - 112 = 99. Suppose -4*j + 5*z + t = 0, 0*j - 3*j = z - 89. Let y = j - 19. What are the prime factors of y?
2, 5
Suppose 3*j + 32 = 7*j. Let x = -4 + j. Suppose -6*d + x*d + 4*p = -36, 2*d - 21 = -p. What are the prime factors of d?
2, 3
Suppose 0*d = -d - 8. Let h = d - -18. What are the prime factors of h?
2, 5
Let t(o) = 5*o**2 + o - 4. What are the prime factors of t(3)?
2, 11
Suppose 5*s = 2*a - 36, 0 = 3*s - 5*a + a + 16. Let p = 12 - s. What are the prime factors of p?
2, 5
Suppose -2*z + 196 = 2*r, -r + 294 = 3*z + 3*r. What are the prime factors of z?
2, 7
Let l(g) = 20*g**2 - 11*g + 17. List the prime factors of l(4).
293
Let i be (1 + 2)*(-3)/(-9). Suppose 3*l - 4*l = i. What are the prime factors of 7*(0 + l)*-1?
7
Suppose 2*q + 22 = 4*p, 0 = -4*p + 3*q + 6 + 13. Suppose 6*i + 3 = p*i. Suppose -w - w - 22 = -5*c, -i*c + 17 = -5*w. What are the prime factors of c?
2
Let a(x) = -x**2 - 1. Let o(g) = g**3 - 3*g - 1. Let r(z) = -2*a(z) - o(z). List the prime factors of r(-2).
13
Let r(y) = 18*y**3 + y**2 - 2*y + 3. What are the prime factors of r(2)?
3, 7
Let t(b) = -7*b + 7. Let p(i) = -i. Let h(z) = -6*p(z) + t(z). Let d be h(7). Let y = d - -2. What are the prime factors of y?
2
Let f be ((-2)/(-2))/(1/3). Let a = f - 1. Suppose -a*p + 4*p - h - 22 = 0, 3*p = 5*h + 33. List the prime factors of p.
11
Let m(p) = -p - 14. Let t be m(-15). Suppose z = 16 + t. List the prime factors of z.
17
Let o = 1 + -1. Let g be (-2 - o)/(2/20). Let z = -13 - g. What are the prime factors of z?
7
Let u(j) = -j**3 - 3*j**2 - 2*j - 2. Let b be u(-3). Suppose -2*i + b = 0, -2*t = -3*i - i. What are the prime factors of t?
2
Let y(m) = m**3 - m**2 - 3*m - 1. Let s be y(-2). Let g(o) be the first derivative of -o**4/4 - 2*o**3 + 5*o**2/2 - 3*o + 1. List the prime factors of g(s).
11
Suppose 0 = -5*g + i + 5, -3*i + 6 - 21 = 3*g. Suppose -3*h + 0 + 9 = g. Let w = 2 + h. What are the prime factors of w?
5
Let m(v) = -v**3 + v**2 + 2*v. Suppose j = -1 - 1. What are the prime factors of m(j)?
2
Let r(u) = 6*u - 39. What are the prime factors of r(17)?
3, 7
Let g = 2 + 41. What are the prime factors of g?
43
Let u(a) = -3*a + 9. Let t be u(4). List the prime factors of 1 + 112/((-12)/t).
29
What are the prime factors of ((-2)/4)/(6/8616*-2)?
359
Let g be ((-127)/2 + -1)*2. Let o = -195 - g. List the prime factors of ((-4)/6)/(4/o).
11
Let h = -6 + 14. Suppose -h = -2*k - 0*k. List the prime factors of k.
2
Let m(b) = -4*b**2 + 3*b + 2. Let i(d) = 11*d**2 - 9*d - 6. Let c(u) = -3*i(u) - 8*m(u). What are the prime factors of c(3)?
2
Suppose 0 = 4*a + 2*q + 6, 2*q = 2*a + 7*q - 1. Let m = -6 - a. What are the prime factors of m/(-1)*10/4?
2, 5
What are the prime factors of 1695/27 - (-10)/45?
3, 7
Let x(v) = v + 1. List the prime factors of x(8).
3
List the prime factors of (6 - 5)/((-2)/(-346)).
173
Suppose 4*f - 7 = 13. Suppose 0 = -f*d + 9 + 31. List the prime factors of d + (2 - 1) - 0.
3
Let l(x) = -2*x**3 + 13*x**2 + 2*x + 13. List the prime factors of l(6).
61
Let l = -4 - -2. Let t be l/4 + 30/(-4). Let h = -1 - t. List the prime factors of h.
7
Let j(z) = 42*z + 18. What are the prime factors of j(2)?
2, 3, 17
Suppose 14 = -4*a - 10. Let h = 0 - a. List the prime factors of h.
2, 3
Let k(o) = o**2 + 5*o + 5. List the prime factors of k(-8).
29
Suppose 0 = -4*u + 5*u - 2. Let s be 5/15 - 164/(-3). Suppose 3*p - s = -f, p + u*f = -p + 38. What are the prime factors of p?
2, 3
Let q = 28 + -17. Suppose 4*m = 3*m - 9. Let f = m + q. List the prime factors of f.
2
Suppose -3*p + 8 = -40. Let s be 204/(-20) + (-1)/(-5). Let f = p + s. List the prime factors of f.
2, 3
Suppose -4*t - u + 36 = 0, 4*t - 4*u - 38 + 2 = 0. List the prime factors of t.
3
Let m = -9 + 3. List the prime factors of (27/(-6))/(3/m).
3
Suppose -4*b = 2*w - 6, 5*w - 3*b = 13 + 15. Let t(d) = d + 6. List the prime factors of t(w).
11
Let y be (-6)/(-10) + (-2)/(-5). Suppose -2*n = 5*h - 18, -2*n - y + 11 = h. List the prime factors of h.
2
What are the prime factors of (-2)/(-7) + -1206*8/(-42)?
2, 5, 23
Let p(h) = h**3 + 23 - 12*h + 17*h - h**2 - 4*h. What are the prime factors of p(0)?
23
Let u(a) = a**2 + 1. Let z be (-1)/((-2)/(-16))*-1. Let s(o) = -o**2 + 7*o + 6. Let g be s(z). What are the prime factors of u(g)?
5
Let d = 20 - 14. Suppose -d = 3*c - 21. Suppose 4*m - 7*k = -2*k + 22, 13 = c*m + k. List the prime factors of m.
3
Suppose -2*d - 10 = 4*o + d, -3*o - 5*d = 13. What are the prime factors of (o - 17)/(-8 + 6)?
3
Let t = 31 - -92. List the prime factors of t.
3, 41
Suppose -3*p - 51 = 18. Suppose 0 = -i + 1 + 32. Let k = p + i. List the prime factors of k.
2, 5
Let a = 25 + -94. What are the prime factors of (a/(-6))/(2/4)?
23
Let w be 17/5 + (-10)/25. What are the prime factors of (w/2)/((-5)/(-70))?
3, 7
Let p = -2 + 28. List the prime factors of p.
2, 13
Let b = 16 + -11. Suppose 0 = b*u - 0*u - 20. What are the prime factors of u?
2
Let q be 14/(-4)*60/(-21). Suppose -q*d - 80 = -12*d. What are the prime factors of d?
2, 5
Let v(w) = -w + 13. Let h = 7 - -1. Let q be v(h). Let y(p) = p + 3. List the prime factors of y(q).
2
Let x(h) be the first derivative of h**3/3 + h**2/2 - 5*h + 5. List the prime factors of x(-4).
7
Let g be (-8)/(-4) + 0 + -12. Let o be 1/(-5) - 2/g. Suppose 4*x = 2*x + 3*c + 1, -x + 2*c - 2 = o. List the prime factors of x.
2
What are the prime factors of 86/10 + 6/15?
3
Suppose 0 = u - 3*u + 3*r + 30, -2*r - 30 = -2*u. Suppose 2*s - 3 = 3*s + 3*n, 3*n = 3*s - u. Let z = s + -1. List the prime factors of z.
2
List the prime factors of 488/22 + 8/(-44).
2, 11
Let l = 11 + -5. Suppose 56 = 2*x + 5*y, -x + 4*y = -l*x + 106. What are the prime factors of x?
2, 3
Suppose -5*a - 18 + 48 = 0. Suppose -4*d = -a*d + 26. List the prime factors of d.
13
Let u(l) = -l**2 - 8*l + 1. Suppose 0 = n + 6. What are the prime factors of u(n)?
13
Suppose 5*l - 64 = -2*j, -3*j + 29 + 25 = 4*l. Let d = 28 - l. What are the prime factors of d?
2
Suppose 0 = -2*w + 4 - 10. List the prime factors of (-4 - w)*18/(-2).
3
Suppose -2*t + 36 = 4*g, -3*g + 2*t = 4*t - 25. Suppose a = -0*a + g. List the prime factors of a.
11
Suppose 0*d + 45 = 5*u - 3*d, -10 = -2*d. List the prime factors of 16/u*45/6.
2, 5
Let